{"id":707,"date":"2016-03-10T10:55:49","date_gmt":"2016-03-10T10:55:49","guid":{"rendered":"http:\/\/quanticalabs.com\/wptest\/renovate\/?page_id=707"},"modified":"2023-06-30T16:05:40","modified_gmt":"2023-06-30T14:05:40","slug":"home-2","status":"publish","type":"page","link":"https:\/\/ivcconstruct.com\/","title":{"rendered":"Accueil"},"content":{"rendered":"<section class=\"wpb-content-wrapper\"><p>[vc_row type=\u00a0\u00bbfull-width\u00a0\u00bb][vc_column][rev_slider_vc alias=\u00a0\u00bbmain\u00a0\u00bb][\/vc_column][\/vc_row][vc_row top_margin=\u00a0\u00bbpage-margin-top-section\u00a0\u00bb][vc_column width=\u00a0\u00bb1\/4&Prime;]<div class=\"feature-item sl-large-house-2 feature-item-big\"><div class=\"ornament\"><\/div><h4 class=\"box-header page-margin-top\">NOUS SOMMES EXPERTS<\/h4><\/div>[\/vc_column][vc_column width=\u00a0\u00bb1\/4&Prime;]<div class=\"feature-item sl-large-team feature-item-big\"><div class=\"ornament\"><\/div><h4 class=\"box-header page-margin-top\">NOUS SOMMES AMICAUX<\/h4><\/div>[\/vc_column][vc_column width=\u00a0\u00bb1\/4&Prime;]<div class=\"feature-item sl-large-measure feature-item-big\"><div class=\"ornament\"><\/div><h4 class=\"box-header page-margin-top\">NOUS SOMMES EXACTS<\/h4><\/div>[\/vc_column][vc_column width=\u00a0\u00bb1\/4&Prime;]<div class=\"feature-item sl-large-construction feature-item-big\"><div class=\"ornament\"><\/div><h4 class=\"box-header page-margin-top\">NOUS SOMMES EFFICACE<\/h4><\/div>[\/vc_column][\/vc_row][vc_row type=\u00a0\u00bbfull-width\u00a0\u00bb top_margin=\u00a0\u00bbpage-margin-top-section\u00a0\u00bb css=\u00a0\u00bb.vc_custom_1450878745751{background-color: #f5f5f5 !important;}\u00a0\u00bb el_class=\u00a0\u00bbflex-box\u00a0\u00bb][vc_column width=\u00a0\u00bb1\/3&Prime; el_class=\u00a0\u00bbpadding-left-right-100 padding-bottom-50&Prime;]<h3 class=\"box-header page-margin-top-section\">Notre diff\u00e9rence<\/h3>[vc_column_text el_class=\u00a0\u00bbmargin-top-34&Prime;]Confiez vos travaux de r\u00e9novation \u00e0 une entreprise sp\u00e9cialis\u00e9e \u00e0 Bruxelles.[\/vc_column_text]<ul class=\"list margin-top-26\"><li class=\"template-bullet \"><span>Travail de qualit\u00e9 et connaissances sup\u00e9rieures<\/span><\/li><li class=\"template-bullet \"><span>Un travail fait dans les d\u00e9lais et dans les limites du budget<\/span><\/li><li class=\"template-bullet \"><span>Des r\u00e9sultats prouv\u00e9s pour \u00e9tablir des normes exceptionnelles<\/span><\/li><li class=\"template-bullet \"><span>Service professionnel pour particuliers et commerciaux<\/span><\/li><\/ul>[vc_row_inner top_margin=\u00a0\u00bbpage-margin-top\u00a0\u00bb el_class=\u00a0\u00bbpadding-bottom-17&Prime;][vc_column_inner]<a class=\"more\" href=\"index.php\/nos-services\/\" title=\"Nos services\">Nos services<\/a>[\/vc_column_inner][\/vc_row_inner][\/vc_column][vc_column width=\u00a0\u00bb1\/3&Prime; css=\u00a0\u00bb.vc_custom_1688133584771{background-image: url(http:\/\/ivcconstruct.com\/wp-content\/uploads\/2023\/06\/logo3-1.jpg?id=1441) !important;}\u00a0\u00bb][vc_single_image image=\u00a0\u00bb12&Prime; img_size=\u00a0\u00bbfull\u00a0\u00bb el_class=\u00a0\u00bbflex-hide\u00a0\u00bb][\/vc_column][vc_column width=\u00a0\u00bb1\/3&Prime; el_class=\u00a0\u00bbpadding-left-right-100 padding-bottom-50&Prime;]<h3 class=\"box-header page-margin-top-section\">NOS COMP\u00c9TENCES<\/h3>[vc_column_text el_class=\u00a0\u00bbmargin-top-34&Prime;]Voici les domaines dans lesquels nous avons la meilleure expertise.[\/vc_column_text][vc_progress_bar values=\u00a0\u00bb%5B%7B%22label%22%3A%22Gros%20oeuvre%22%2C%22value%22%3A%2299%22%7D%2C%7B%22label%22%3A%22Toiture%20%26%20fa%C3%A7ade%22%2C%22value%22%3A%2299%22%7D%2C%7B%22label%22%3A%22Ch%C3%A2ssis%20%26%20isolation%22%2C%22value%22%3A%2299%22%7D%5D\u00a0\u00bb units=\u00a0\u00bb%\u00a0\u00bb el_class=\u00a0\u00bbmargin-top-34&Prime;][\/vc_column][\/vc_row][vc_row el_class=\u00a0\u00bbpage-padding-top-section\u00a0\u00bb][vc_column width=\u00a0\u00bb1\/2&Prime; css=\u00a0\u00bb.vc_custom_1669298211408{margin-bottom: 20px !important;}\u00a0\u00bb]<h3 class=\"box-header\">Les avis de nos clients<\/h3><div class=\"testimonials-container page-margin-top type-small margin-top-40\"><div class=\"re-carousel-pagination\"><\/div><ul class=\"testimonials-list autoplay-1 pause_on_hover-1 scroll-1 effect-scroll easing-easeInOutQuint duration-750\"><li>\r\n\t\t\t\t\t\r\n\t\t\t\t\t<p>\"Nous avons fait appel \u00e0 IVC dans le cadre de la r\u00e9novation de notre snack, nous sommes tr\u00e8s satisfait du r\u00e9sultat\"<\/p>\r\n\t\t\t\t\t<div class=\"ornament sl-small-chat\"><\/div>\r\n\t\t\t\t\t<div class=\"author-details-box\">\r\n\t\t\t\t\t<div class=\"author\">\u00dcmit Y\u00fcksel<\/div>\r\n\t\t\t\t\t<div class=\"author-details\">Pitta d'or<\/div>\r\n\t\t\t\t\t<\/div>\r\n\t\t\t\t<\/li><li>\r\n\t\t\t\t\t\r\n\t\t\t\t\t<p>\"Merci \u00e0 IVC pour renovation compl\u00e8te de notre magasin meublechoc \u00e0 charlerois \"<\/p>\r\n\t\t\t\t\t<div class=\"ornament sl-small-conversation\"><\/div>\r\n\t\t\t\t\t<div class=\"author-details-box\">\r\n\t\t\t\t\t<div class=\"author\">Mesut Y\u00fcksel<\/div>\r\n\t\t\t\t\t<div class=\"author-details\">Meubleschoc<\/div>\r\n\t\t\t\t\t<\/div>\r\n\t\t\t\t<\/li><\/ul><\/div>[\/vc_column][vc_column width=\u00a0\u00bb1\/2&Prime;]<h3 class=\"box-header\">Travaux chez les professionnels<\/h3><div class=\"our-clients-list-container margin-top-40 type-list\">\r\n\t\t\t\t\t<ul class=\"our-clients-list autoplay-0 type-list\"><li class=\"vertical-align\"><div class=\"our-clients-item-container\"><div class=\"vertical-align-cell\"><img loading=\"lazy\" decoding=\"async\" width=\"319\" height=\"120\" src=\"https:\/\/ivcconstruct.com\/wp-content\/uploads\/2023\/06\/main-logo2.png\" class=\"attachment-full size-full\" alt=\"\" srcset=\"https:\/\/ivcconstruct.com\/wp-content\/uploads\/2023\/06\/main-logo2.png 319w, https:\/\/ivcconstruct.com\/wp-content\/uploads\/2023\/06\/main-logo2-300x113.png 300w\" sizes=\"auto, (max-width: 319px) 100vw, 319px\" \/><\/div><\/div><\/li><\/ul><div class=\"re-carousel-pagination\"><\/div><\/div>[\/vc_column][\/vc_row]<\/p>\n<\/section>","protected":false},"excerpt":{"rendered":"<p>[vc_row type=\u00a0\u00bbfull-width\u00a0\u00bb][vc_column][rev_slider_vc alias=\u00a0\u00bbmain\u00a0\u00bb][\/vc_column][\/vc_row][vc_row top_margin=\u00a0\u00bbpage-margin-top-section\u00a0\u00bb][vc_column width=\u00a0\u00bb1\/4&Prime;][\/vc_column][vc_column width=\u00a0\u00bb1\/4&Prime;][\/vc_column][vc_column width=\u00a0\u00bb1\/4&Prime;][\/vc_column][vc_column width=\u00a0\u00bb1\/4&Prime;][\/vc_column][\/vc_row][vc_row type=\u00a0\u00bbfull-width\u00a0\u00bb top_margin=\u00a0\u00bbpage-margin-top-section\u00a0\u00bb css=\u00a0\u00bb.vc_custom_1450878745751{background-color: #f5f5f5 !important;}\u00a0\u00bb el_class=\u00a0\u00bbflex-box\u00a0\u00bb][vc_column width=\u00a0\u00bb1\/3&Prime; el_class=\u00a0\u00bbpadding-left-right-100 padding-bottom-50&Prime;][vc_column_text el_class=\u00a0\u00bbmargin-top-34&Prime;]Confiez vos travaux de r\u00e9novation \u00e0 une entreprise sp\u00e9cialis\u00e9e \u00e0 Bruxelles.[\/vc_column_text][vc_row_inner top_margin=\u00a0\u00bbpage-margin-top\u00a0\u00bb el_class=\u00a0\u00bbpadding-bottom-17&Prime;][vc_column_inner][\/vc_column_inner][\/vc_row_inner][\/vc_column][vc_column width=\u00a0\u00bb1\/3&Prime; css=\u00a0\u00bb.vc_custom_1688133584771{background-image: url(http:\/\/ivcconstruct.com\/wp-content\/uploads\/2023\/06\/logo3-1.jpg?id=1441) !important;}\u00a0\u00bb][vc_single_image image=\u00a0\u00bb12&Prime; img_size=\u00a0\u00bbfull\u00a0\u00bb el_class=\u00a0\u00bbflex-hide\u00a0\u00bb][\/vc_column][vc_column width=\u00a0\u00bb1\/3&Prime; el_class=\u00a0\u00bbpadding-left-right-100 padding-bottom-50&Prime;][vc_column_text el_class=\u00a0\u00bbmargin-top-34&Prime;]Voici les domaines dans lesquels nous avons la meilleure expertise.[\/vc_column_text][vc_progress_bar values=\u00a0\u00bb%5B%7B%22label%22%3A%22Gros%20oeuvre%22%2C%22value%22%3A%2299%22%7D%2C%7B%22label%22%3A%22Toiture%20%26%20fa%C3%A7ade%22%2C%22value%22%3A%2299%22%7D%2C%7B%22label%22%3A%22Ch%C3%A2ssis%20%26%20isolation%22%2C%22value%22%3A%2299%22%7D%5D\u00a0\u00bb units=\u00a0\u00bb%\u00a0\u00bb el_class=\u00a0\u00bbmargin-top-34&Prime;][\/vc_column][\/vc_row][vc_row el_class=\u00a0\u00bbpage-padding-top-section\u00a0\u00bb][vc_column width=\u00a0\u00bb1\/2&Prime;<\/p>\n","protected":false},"author":1,"featured_media":0,"parent":0,"menu_order":0,"comment_status":"closed","ping_status":"closed","template":"template-default-without-breadcrumbs.php","meta":{"footnotes":""},"class_list":["post-707","page","type-page","status-publish","hentry"],"_links":{"self":[{"href":"https:\/\/ivcconstruct.com\/index.php\/wp-json\/wp\/v2\/pages\/707","targetHints":{"allow":["GET"]}}],"collection":[{"href":"https:\/\/ivcconstruct.com\/index.php\/wp-json\/wp\/v2\/pages"}],"about":[{"href":"https:\/\/ivcconstruct.com\/index.php\/wp-json\/wp\/v2\/types\/page"}],"author":[{"embeddable":true,"href":"https:\/\/ivcconstruct.com\/index.php\/wp-json\/wp\/v2\/users\/1"}],"replies":[{"embeddable":true,"href":"https:\/\/ivcconstruct.com\/index.php\/wp-json\/wp\/v2\/comments?post=707"}],"version-history":[{"count":19,"href":"https:\/\/ivcconstruct.com\/index.php\/wp-json\/wp\/v2\/pages\/707\/revisions"}],"predecessor-version":[{"id":1448,"href":"https:\/\/ivcconstruct.com\/index.php\/wp-json\/wp\/v2\/pages\/707\/revisions\/1448"}],"wp:attachment":[{"href":"https:\/\/ivcconstruct.com\/index.php\/wp-json\/wp\/v2\/media?parent=707"}],"curies":[{"name":"wp","href":"https:\/\/api.w.org\/{rel}","templated":true}]}}