{"id":1129,"date":"2023-04-07T13:01:21","date_gmt":"2023-04-07T11:01:21","guid":{"rendered":"http:\/\/ivcconstruct.com\/?page_id=1129"},"modified":"2023-04-07T13:16:36","modified_gmt":"2023-04-07T11:16:36","slug":"devis","status":"publish","type":"page","link":"https:\/\/ivcconstruct.com\/index.php\/devis\/","title":{"rendered":"Devis"},"content":{"rendered":"\n<div class=\"wp-block-contact-form-7-contact-form-selector\">\n<div class=\"wpcf7 no-js\" id=\"wpcf7-f1128-o1\" lang=\"fr-BE\" dir=\"ltr\" data-wpcf7-id=\"1128\">\n<div class=\"screen-reader-response\"><p role=\"status\" aria-live=\"polite\" aria-atomic=\"true\"><\/p> <ul><\/ul><\/div>\n<form action=\"\/index.php\/wp-json\/wp\/v2\/pages\/1129#wpcf7-f1128-o1\" method=\"post\" class=\"wpcf7-form init\" aria-label=\"Contact form\" novalidate=\"novalidate\" data-status=\"init\">\n<fieldset class=\"hidden-fields-container\"><input type=\"hidden\" name=\"_wpcf7\" value=\"1128\" \/><input type=\"hidden\" name=\"_wpcf7_version\" value=\"6.1.5\" \/><input type=\"hidden\" name=\"_wpcf7_locale\" value=\"fr_BE\" \/><input type=\"hidden\" name=\"_wpcf7_unit_tag\" value=\"wpcf7-f1128-o1\" \/><input type=\"hidden\" name=\"_wpcf7_container_post\" value=\"0\" \/><input type=\"hidden\" name=\"_wpcf7_posted_data_hash\" value=\"\" \/>\n<\/fieldset>\n<h2>Vos coordonn\u00e9es de contact\n<\/h2>\n<p><label> Votre nom*<br \/>\n<span class=\"wpcf7-form-control-wrap\" data-name=\"your-name\"><input size=\"40\" maxlength=\"400\" class=\"wpcf7-form-control wpcf7-text wpcf7-validates-as-required\" autocomplete=\"name\" aria-required=\"true\" aria-invalid=\"false\" value=\"\" type=\"text\" name=\"your-name\" \/><\/span> <\/label>\n<\/p>\n<p><label> Votre e-mail*<br \/>\n<span class=\"wpcf7-form-control-wrap\" data-name=\"your-email\"><input size=\"40\" maxlength=\"400\" class=\"wpcf7-form-control wpcf7-email wpcf7-validates-as-required wpcf7-text wpcf7-validates-as-email\" autocomplete=\"email\" aria-required=\"true\" aria-invalid=\"false\" value=\"\" type=\"email\" name=\"your-email\" \/><\/span> <\/label>\n<\/p>\n<p><label> Votre T\u00e9l\u00e9phone*<br \/>\n<span class=\"wpcf7-form-control-wrap\" data-name=\"tel-182\"><input size=\"40\" maxlength=\"400\" class=\"wpcf7-form-control wpcf7-tel wpcf7-validates-as-required wpcf7-text wpcf7-validates-as-tel\" aria-required=\"true\" aria-invalid=\"false\" value=\"\" type=\"tel\" name=\"tel-182\" \/><\/span> <\/label>\n<\/p>\n<h2>Vos coordonn\u00e9es de contact\n<\/h2>\n<p><label> Rue*<br \/>\n<span class=\"wpcf7-form-control-wrap\" data-name=\"Rue\"><input size=\"40\" maxlength=\"400\" class=\"wpcf7-form-control wpcf7-text wpcf7-validates-as-required\" aria-required=\"true\" aria-invalid=\"false\" value=\"\" type=\"text\" name=\"Rue\" \/><\/span><\/label>\n<\/p>\n<p><label> Numero*<br \/>\n<span class=\"wpcf7-form-control-wrap\" data-name=\"Numero\"><input size=\"40\" maxlength=\"400\" class=\"wpcf7-form-control wpcf7-text wpcf7-validates-as-required\" aria-required=\"true\" aria-invalid=\"false\" value=\"\" type=\"text\" name=\"Numero\" \/><\/span><\/label>\n<\/p>\n<p><label> Code postal*<br \/>\n<span class=\"wpcf7-form-control-wrap\" data-name=\"Postal\"><input size=\"40\" maxlength=\"400\" class=\"wpcf7-form-control wpcf7-text wpcf7-validates-as-required\" aria-required=\"true\" aria-invalid=\"false\" value=\"\" type=\"text\" name=\"Postal\" \/><\/span><\/label>\n<\/p>\n<p><label> Commune*<br \/>\n<span class=\"wpcf7-form-control-wrap\" data-name=\"Commune\"><input size=\"40\" maxlength=\"400\" class=\"wpcf7-form-control wpcf7-text wpcf7-validates-as-required\" aria-required=\"true\" aria-invalid=\"false\" value=\"\" type=\"text\" name=\"Commune\" \/><\/span><\/label>\n<\/p>\n<h2>Votre demande\n<\/h2>\n<p><label> POUR QUEL TYPE D\u2019INTERVENTION SOUHAITEZ-VOUS UN DEVIS? *<\/label><br \/>\n<span class=\"wpcf7-form-control-wrap\" data-name=\"checkbox-439\"><span class=\"wpcf7-form-control wpcf7-checkbox wpcf7-validates-as-required\"><span class=\"wpcf7-list-item first\"><label><input type=\"checkbox\" name=\"checkbox-439[]\" value=\"Gros-Oeuvre\" \/><span class=\"wpcf7-list-item-label\">Gros-Oeuvre<\/span><\/label><\/span><span class=\"wpcf7-list-item\"><label><input type=\"checkbox\" name=\"checkbox-439[]\" value=\"Electricit\u00e9\" \/><span class=\"wpcf7-list-item-label\">Electricit\u00e9<\/span><\/label><\/span><span class=\"wpcf7-list-item\"><label><input type=\"checkbox\" name=\"checkbox-439[]\" value=\"Plomberie &amp; Chauffage\" \/><span class=\"wpcf7-list-item-label\">Plomberie &amp; Chauffage<\/span><\/label><\/span><span class=\"wpcf7-list-item\"><label><input type=\"checkbox\" name=\"checkbox-439[]\" value=\"R\u00e9novation de salle de bain &amp; cuisine\" \/><span class=\"wpcf7-list-item-label\">R\u00e9novation de salle de bain &amp; cuisine<\/span><\/label><\/span><span class=\"wpcf7-list-item\"><label><input type=\"checkbox\" name=\"checkbox-439[]\" value=\"Ch\u00e2ssis et portes\" \/><span class=\"wpcf7-list-item-label\">Ch\u00e2ssis et portes<\/span><\/label><\/span><span class=\"wpcf7-list-item\"><label><input type=\"checkbox\" name=\"checkbox-439[]\" value=\"Menuiserie\" \/><span class=\"wpcf7-list-item-label\">Menuiserie<\/span><\/label><\/span><span class=\"wpcf7-list-item\"><label><input type=\"checkbox\" name=\"checkbox-439[]\" value=\"Isolation\" \/><span class=\"wpcf7-list-item-label\">Isolation<\/span><\/label><\/span><span class=\"wpcf7-list-item\"><label><input type=\"checkbox\" name=\"checkbox-439[]\" value=\"Fa\u00e7ade\" \/><span class=\"wpcf7-list-item-label\">Fa\u00e7ade<\/span><\/label><\/span><span class=\"wpcf7-list-item\"><label><input type=\"checkbox\" name=\"checkbox-439[]\" value=\"Toiture\" \/><span class=\"wpcf7-list-item-label\">Toiture<\/span><\/label><\/span><span class=\"wpcf7-list-item\"><label><input type=\"checkbox\" name=\"checkbox-439[]\" value=\"Panneau Photovolta\u00efque\" \/><span class=\"wpcf7-list-item-label\">Panneau Photovolta\u00efque<\/span><\/label><\/span><span class=\"wpcf7-list-item\"><label><input type=\"checkbox\" name=\"checkbox-439[]\" value=\"Cloisons et faux plafond\" \/><span class=\"wpcf7-list-item-label\">Cloisons et faux plafond<\/span><\/label><\/span><span class=\"wpcf7-list-item last\"><label><input type=\"checkbox\" name=\"checkbox-439[]\" value=\"Rev\u00eatement de mur et sol et peinture\" \/><span class=\"wpcf7-list-item-label\">Rev\u00eatement de mur et sol et peinture<\/span><\/label><\/span><\/span><\/span>\n<\/p>\n<p><label> D\u00c9CRIVEZ VOTRE SITUATION *<br \/>\n<span class=\"wpcf7-form-control-wrap\" data-name=\"your-message\"><textarea cols=\"40\" rows=\"10\" maxlength=\"2000\" class=\"wpcf7-form-control wpcf7-textarea\" aria-invalid=\"false\" name=\"your-message\"><\/textarea><\/span> <\/label>\n<\/p>\n<p><input class=\"wpcf7-form-control wpcf7-submit has-spinner\" type=\"submit\" value=\"Envoyer\" \/>\n<\/p><div class=\"wpcf7-response-output\" aria-hidden=\"true\"><\/div>\n<\/form>\n<\/div>\n<\/div>\n","protected":false},"excerpt":{"rendered":"Vos coordonn\u00e9es de contact Votre nom* Votre e-mail* Votre T\u00e9l\u00e9phone* Vos coordonn\u00e9es de contact Rue* Numero* Code postal* Commune* Votre demande POUR QUEL TYPE D\u2019INTERVENTION SOUHAITEZ-VOUS UN DEVIS? * Gros-OeuvreElectricit\u00e9Plomberie &amp; ChauffageR\u00e9novation de salle de bain &amp; cuisineCh\u00e2ssis et portesMenuiserieIsolationFa\u00e7adeToiturePanneau Photovolta\u00efqueCloisons et faux plafondRev\u00eatement de mur et sol et peinture D\u00c9CRIVEZ VOTRE SITUATION *","protected":false},"author":1,"featured_media":0,"parent":0,"menu_order":0,"comment_status":"closed","ping_status":"closed","template":"","meta":{"footnotes":""},"class_list":["post-1129","page","type-page","status-publish","hentry"],"_links":{"self":[{"href":"https:\/\/ivcconstruct.com\/index.php\/wp-json\/wp\/v2\/pages\/1129","targetHints":{"allow":["GET"]}}],"collection":[{"href":"https:\/\/ivcconstruct.com\/index.php\/wp-json\/wp\/v2\/pages"}],"about":[{"href":"https:\/\/ivcconstruct.com\/index.php\/wp-json\/wp\/v2\/types\/page"}],"author":[{"embeddable":true,"href":"https:\/\/ivcconstruct.com\/index.php\/wp-json\/wp\/v2\/users\/1"}],"replies":[{"embeddable":true,"href":"https:\/\/ivcconstruct.com\/index.php\/wp-json\/wp\/v2\/comments?post=1129"}],"version-history":[{"count":1,"href":"https:\/\/ivcconstruct.com\/index.php\/wp-json\/wp\/v2\/pages\/1129\/revisions"}],"predecessor-version":[{"id":1130,"href":"https:\/\/ivcconstruct.com\/index.php\/wp-json\/wp\/v2\/pages\/1129\/revisions\/1130"}],"wp:attachment":[{"href":"https:\/\/ivcconstruct.com\/index.php\/wp-json\/wp\/v2\/media?parent=1129"}],"curies":[{"name":"wp","href":"https:\/\/api.w.org\/{rel}","templated":true}]}}